or of q and d?
3
Suppose -18 = -2*y + 4*p, y - 6*p = -11*p + 9. Let x be (-42)/49*(-43 + 1). What is the greatest common divisor of x and y?
9
Let s be (-9)/(-36) - 7/(-4). Suppose 2*c + r = s, -c - 6 = 3*r + r. What is the greatest common divisor of 3 and c?
1
Suppose -3*a = -15 - 15. Let x = 13 - -57. Calculate the greatest common divisor of x and a.
10
Suppose -4*x - 4*z + 95 + 13 = 0, -5*x + 125 = 3*z. Suppose 4*i - 220 = -0*i. What is the highest common factor of x and i?
11
Let q(d) = d**3 - 5*d**2 - d + 5. Let a be q(5). Suppose a*f = f - 12. What is the greatest common divisor of 6 and f?
6
Let o = -232 - -340. Calculate the greatest common factor of 12 and o.
12
Suppose -5*s = -3*h + 26, 0*s + 2*s = -h - 6. Calculate the highest common factor of h and 10.
2
Let o be (4/(-1))/8*120. Let p be ((-70)/(-30))/((-2)/o). Calculate the greatest common factor of 28 and p.
14
Let r = 65 - 42. What is the greatest common factor of r and 69?
23
Let c = -97 + 202. Let n = -42 + 171. Suppose 3*y = n + c. What is the greatest common factor of y and 13?
13
Let t = -21 + 36. What is the highest common divisor of 10 and t?
5
Let d = -18 + 26. Let b = d - 6. Suppose -q = -9 + 3. Calculate the highest common divisor of b and q.
2
Let w(x) = 38*x. Let o be w(3). Let a be (-1)/(-4) + o/(-8). Let i = a + 35. What is the highest common factor of i and 3?
3
Let h(d) = -8*d**2 - 5*d. Let f(v) = -7*v**2 - 4*v. Let p(x) = -6*f(x) + 5*h(x). Let u be p(-3). What is the highest common divisor of u and 21?
21
Suppose -4*m + 3*s + 31 = 0, -4*m = 3*s - 1 - 0. Suppose 2*f = 5 + 3. What is the highest common factor of f and m?
4
Let y be (-14)/(-6) + (-2)/6. Suppose -2*h = h - 9. What is the greatest common factor of h and y?
1
Let z(f) = f**2 + 2*f - 1. Let i be z(-6). Suppose -q - 3*l + i = 0, 2 = q - 5*l + l. Let y = -125 + 195. What is the highest common divisor of y and q?
14
Suppose 0 = -5*b + 2*b. Suppose 5*a - 65 = -5*n, n - 2*n - 5*a + 29 = 0. Suppose n = j - b. What is the highest common factor of j and 99?
9
Suppose w + 2*k = 52, -5*k - 130 = -3*w + 26. Calculate the greatest common divisor of 130 and w.
26
Let i(m) = 3*m**2 - m + 1. Let h be i(-1). What is the greatest common factor of h and 2?
1
Let k = -29 - -16. Let p = k + 28. Let j = p - 8. Calculate the highest common factor of j and 7.
7
Suppose 0 = -5*a - 5*n + 125, 3*n - 26 + 11 = -a. Let t = 113 - 107. Calculate the greatest common divisor of t and a.
6
Let v(w) = 3*w**2 - 4*w + 11. Let q be v(2). Let u be -2 + 2 + 15/1. What is the highest common factor of q and u?
15
Suppose g + 3*c + 2 - 8 = 0, 2*g - 44 = 2*c. Calculate the highest common divisor of 162 and g.
18
Suppose -4*r + 34 + 6 = 0. Let f = r + -7. Suppose -h + 30 = -f*i, 0 = -h - h - 5*i + 16. Calculate the greatest common factor of h and 144.
18
Suppose -37 - 23 = -3*n. Calculate the highest common factor of 5 and n.
5
Suppose -3 = -2*a + 31. Suppose -4*i - d + 214 = 4*d, 4*i + 4*d - 212 = 0. What is the highest common factor of i and a?
17
Let k = -305 - -450. What is the highest common factor of k and 29?
29
Suppose 2*x + 1 + 7 = -3*w, 4*w = -5*x - 20. Let f(u) = u**3 - u + 14. Let l be f(w). What is the greatest common divisor of 42 and l?
14
Let c(q) = q + 25. Let f be c(-15). What is the highest common divisor of 15 and f?
5
Suppose g - 2*h + 22 = 110, 4*h + 446 = 5*g. Suppose 4*p = 2*f + f + 49, -3*p - f + 27 = 0. What is the greatest common factor of g and p?
10
Suppose -5*g + 20 = -4*n, 0*n = -5*g - 3*n - 15. Suppose g*f + 2*f - 3*b - 41 = 0, 5*b + 64 = 3*f. What is the highest common factor of 13 and f?
13
Let g(i) = i**2 + 5*i - 8. Let h be g(-7). Let s be h/15*(43 - -2). What is the highest common factor of s and 144?
18
Let m be 476/10 - 4/(-10). Let k be 8/(-28) - (-416)/(-14). Let u = m + k. What is the highest common factor of u and 54?
18
Let i = 17 - 7. Let y be (i/25)/(2/10). Calculate the greatest common factor of y and 18.
2
Let j = 1 - -1. Suppose -3*s + 30 = 3*s. What is the greatest common factor of j and s?
1
Suppose -3*k - 48 = -i, -4*i + 52 = -k - 96. What is the greatest common divisor of i and 9?
9
Let b = 14 - 44. Let i be 12/(-10)*b/4. Calculate the greatest common divisor of i and 6.
3
Let q be (-72)/(-4)*3/2. What is the greatest common divisor of 3 and q?
3
Let v be 4 + (-3)/(15/(-220)). What is the greatest common factor of 132 and v?
12
Let k be 0 - 0 - (-28)/1. Let m(w) = w**3 - 7*w + 4 + 2*w - 2*w - 6*w**2. Let r be m(7). What is the highest common divisor of r and k?
4
Suppose 1 = 5*f - 4. What is the greatest common factor of f and 7?
1
Let u(n) be the third derivative of n**5/60 - n**4/12 + n**3/2 - n**2. Let w be u(4). Let q be 3/(-6) + 92/8. Calculate the highest common factor of q and w.
11
Suppose l + 10 = -0*l + 3*u, -3*l = -5*u + 10. Suppose -3*z = -z + 6. Let g be z - 0 - (-40 - -2). Calculate the greatest common divisor of g and l.
5
Suppose -2*f = -4*i + 20, 3*i - 4 = 3*f + 8. Let v be i/3 - 2/2. Let z(x) = x**2 - 8*x + 8. Let g be z(7). Calculate the greatest common factor of g and v.
1
Let g be -5 + (2 - 0) - -53. Let y = -14 + g. What is the greatest common factor of y and 4?
4
Let h(c) = 13 + 0*c - 4*c + 3*c. Let z be h(8). Calculate the highest common factor of z and 10.
5
Let q be 3 + (0/1 - 2). Let k = q + 2. Suppose -3*x = -4*t - 11, 2 + 5 = -k*t + 2*x. Calculate the greatest common factor of t and 4.
1
Suppose 2*h - 2*f = 14, -5*h - 2*f = -f - 59. What is the highest common factor of 77 and h?
11
Let f = 22 - 10. Suppose 0 = 5*i - 2612 + f. Suppose 5*t + i = 5*d, 5*d - 5*t - 420 = d. Calculate the greatest common factor of d and 20.
20
Suppose 20*f = 14*f + 168. Calculate the greatest common factor of 8 and f.
4
Let s(h) = h + 9. Let k be s(-4). Suppose 3 + k = 4*f. Suppose l = -0*w - 4*w - 19, -f*w = 3*l + 7. Calculate the highest common divisor of 3 and l.
1
Let u = 3 + 43. What is the greatest common divisor of u and 207?
23
Let z = -38 - -56. What is the highest common divisor of z and 45?
9
Let n(a) = 5*a**3 + 3*a**2 - 2*a. Let o be n(2). Suppose -2*z = 2*z - o. Calculate the greatest common factor of 132 and z.
12
Suppose 0 = -h - 2*s + 13, 30 = 6*h - h + 3*s. Suppose -i - 45 = -h*v, -3*v + 3*i - 5*i = -36. What is the greatest common factor of 28 and v?
14
Let k(o) = o**3 + 7*o**2 - 7*o + 2. Let q be k(-8). Let j = 22 + q. What is the highest common divisor of j and 40?
8
Let j(o) = -o**3 + 3*o**2 + 6*o + 8. Let k be j(4). Calculate the greatest common factor of 32 and k.
16
Suppose -73 = -5*k + 2*k + d, 2*k - 5*d - 53 = 0. Calculate the greatest common factor of k and 72.
24
Suppose 0 = -i - 4*i + 55. Suppose -4*f - 3*b + 481 = 0, -19 = -f + b + 103. What is the greatest common divisor of i and f?
11
Let h = 10 - -3. Let a(k) = 7*k**2 + 50 - 8*k**2 + 41. Let r be a(0). Calculate the greatest common divisor of h and r.
13
Let r be -1 + -3*8/6. Let h = 10 + r. Suppose -5*m + m = -3*u - 131, 4*m - u = 137. Calculate the highest common factor of h and m.
5
Let h = 33 - 0. Calculate the greatest common factor of 11 and h.
11
Let r = -2 + 6. Suppose -2*y - 3*y + 4*a + r = 0, 4*a = -4*y - 4. Suppose x = -y + 5. What is the greatest common divisor of 2 and x?
1
Suppose 3*g + 3 - 12 = 0. Suppose 3*s + n - 88 = -0*n, -g*n = -3*s + 72. Calculate the highest common divisor of 7 and s.
7
Let o be 1/(-1 + (-9)/(-6)). Suppose t - 36 = -4*k, 1 + 1 = -k - 3*t. What is the highest common factor of k and o?
2
Let h be 1 + -2 - (-1446)/6. Suppose -3*l = -8*l + h. Calculate the highest common divisor of l and 12.
12
Let k be 5/(6/8*(-10)/(-15)). Calculate the greatest common factor of k and 5.
5
Let n = 48 + -23. Let u(t) = -n*t - 48*t - 79*t. Let p be u(-1). What is the highest common divisor of 19 and p?
19
Let z be 80/(-4)*(4 + -5). What is the highest common divisor of z and 15?
5
Let l(t) = 2*t - 4. Let x be l(3). Let y be 12/(3/(-12)*-2). Let j be y - (-2)/(-2 + 1). Calculate the highest common factor of j and x.
2
Suppose 2*h + h = -2*b + 43, 2*h + 5*b = 47. Calculate the highest common divisor of h and 11.
11
Let v(x) = 4*x + 0 - 5*x - 23*x**3 - x - 2*x**2 - 1. Let r be v(-1). Calculate the highest common divisor of r and 44.
22
Suppose 188 = -14*b + 16*b - 3*v, -5*b + 492 = -2*v